19628.
2, 7, 701
What are the prime factors of 121?
11
What are the prime factors of 117770?
2, 5, 11777
What are the prime factors of 15357?
3, 5119
List the prime factors of 46954.
2, 17, 1381
List the prime factors of 5745.
3, 5, 383
What are the prime factors of 8878?
2, 23, 193
What are the prime factors of 4841?
47, 103
What are the prime factors of 755?
5, 151
List the prime factors of 24854.
2, 17, 43
List the prime factors of 5176.
2, 647
What are the prime factors of 36375?
3, 5, 97
List the prime factors of 860.
2, 5, 43
List the prime factors of 17401.
17401
List the prime factors of 2333.
2333
List the prime factors of 1881.
3, 11, 19
What are the prime factors of 3665?
5, 733
List the prime factors of 16587.
3, 19, 97
What are the prime factors of 4338?
2, 3, 241
List the prime factors of 7526.
2, 53, 71
List the prime factors of 18078.
2, 3, 23, 131
List the prime factors of 4353.
3, 1451
List the prime factors of 15205.
5, 3041
What are the prime factors of 3266?
2, 23, 71
What are the prime factors of 8772?
2, 3, 17, 43
List the prime factors of 3549.
3, 7, 13
List the prime factors of 70232.
2, 8779
What are the prime factors of 21482?
2, 23, 467
List the prime factors of 2245.
5, 449
What are the prime factors of 5641?
5641
List the prime factors of 23158.
2, 11579
What are the prime factors of 36740?
2, 5, 11, 167
What are the prime factors of 400?
2, 5
List the prime factors of 38790.
2, 3, 5, 431
What are the prime factors of 9266?
2, 41, 113
What are the prime factors of 24121?
24121
List the prime factors of 3377.
11, 307
What are the prime factors of 19245?
3, 5, 1283
What are the prime factors of 1219?
23, 53
List the prime factors of 181.
181
List the prime factors of 1899.
3, 211
List the prime factors of 720.
2, 3, 5
List the prime factors of 1450.
2, 5, 29
What are the prime factors of 55569?
3, 18523
List the prime factors of 630.
2, 3, 5, 7
List the prime factors of 1254.
2, 3, 11, 19
What are the prime factors of 7614?
2, 3, 47
List the prime factors of 3960.
2, 3, 5, 11
List the prime factors of 1832.
2, 229
What are the prime factors of 4862?
2, 11, 13, 17
What are the prime factors of 798?
2, 3, 7, 19
What are the prime factors of 44046?
2, 3, 2447
What are the prime factors of 10874?
2, 5437
What are the prime factors of 7593?
3, 2531
List the prime factors of 6991.
6991
List the prime factors of 3950.
2, 5, 79
What are the prime factors of 16180?
2, 5, 809
What are the prime factors of 1842?
2, 3, 307
List the prime factors of 604.
2, 151
List the prime factors of 10742.
2, 41, 131
What are the prime factors of 2400?
2, 3, 5
List the prime factors of 18924.
2, 3, 19, 83
What are the prime factors of 1220?
2, 5, 61
List the prime factors of 66895.
5, 17, 787
What are the prime factors of 8494?
2, 31, 137
List the prime factors of 6001.
17, 353
What are the prime factors of 10822?
2, 7, 773
List the prime factors of 2192.
2, 137
List the prime factors of 26877.
3, 17, 31
List the prime factors of 3900.
2, 3, 5, 13
What are the prime factors of 91475?
5, 3659
List the prime factors of 524.
2, 131
What are the prime factors of 3767?
3767
What are the prime factors of 720?
2, 3, 5
List the prime factors of 44990.
2, 5, 11, 409
List the prime factors of 19311.
3, 41, 157
What are the prime factors of 63984?
2, 3, 31, 43
List the prime factors of 262.
2, 131
What are the prime factors of 22350?
2, 3, 5, 149
List the prime factors of 32665.
5, 47, 139
What are the prime factors of 30659?
23, 31, 43
What are the prime factors of 1510?
2, 5, 151
What are the prime factors of 11406?
2, 3, 1901
List the prime factors of 27079.
13, 2083
List the prime factors of 658.
2, 7, 47
What are the prime factors of 35395?
5, 7079
What are the prime factors of 130092?
2, 3, 37, 293
List the prime factors of 105583.
19, 5557
What are the prime factors of 1225?
5, 7
List the prime factors of 1693.
1693
What are the prime factors of 192?
2, 3
List the prime factors of 565.
5, 113
List the prime factors of 19768.
2, 7, 353
List the prime factors of 77583.
3, 11, 2351
What are the prime factors of 1735?
5, 347
What are the prime factors of 398?
2, 199
What are the prime factors of 884?
2, 13, 17
What are the prime factors of 2286?
2, 3, 127
List the prime factors of 5145.
3, 5, 7
List the prime factors of 3440.
2, 5, 43
What are the prime factors of 1138?
2, 569
List the prime factors of 38409.
3, 7, 31, 59
What are the prime factors of 120871?
120871
What are the prime factors of 3293?
37, 89
What are the prime factors of 2282?
2, 7, 163
List the prime factors of 9430.
2, 5, 23, 41
What are the prime factors of 2059?
29, 71
What are the prime factors of 11385?
3, 5, 11, 23
List the prime factors of 4092.
2, 3, 11, 31
List the prime factors of 102737.
71, 1447
List the prime factors of 9799.
41, 239
List the prime factors of 894.
2, 3, 149
What are the prime factors of 1034?
2, 11, 47
List the prime factors of 15378.
2, 3, 11, 233
List the prime factors of 6627.
3, 47
List the prime factors of 39037.
103, 379
What are the prime factors of 15129?
3, 41
List the prime factors of 63736.
2, 31, 257
List the prime factors of 8709.
3, 2903
List the prime factors of 15279.
3, 11, 463
What are the prime factors of 25307?
25307
What are the prime factors of 9347?
13, 719
What are the prime factors of 69382?
2, 113, 307
What are the prime factors of 2543?
2543
List the prime factors of 19415.
5, 11, 353
What are the prime factors of 6144?
2, 3
List the prime factors of 33386.
2, 16693
What are the prime factors of 15930?
2, 3, 5, 59
What are the prime factors of 14746?
2, 73, 101
What are the prime factors of 2457?
3, 7, 13
What are the prime factors of 104?
2, 13
List the prime factors of 1239.
3, 7, 59
What are the prime factors of 93?
3, 31
List the prime factors of 2165.
5, 433
What are the prime factors of 9687?
3, 3229
What are the prime factors of 7926?
2, 3, 1321
What are the prime factors of 1716?
2, 3, 11, 13
What are the prime factors of 5605?
5, 19, 59
List the prime factors of 2745.
3, 5, 61
What are the prime factors of 187?
11, 17
List the prime factors of 5189.
5189
List the prime factors of 1235.
5, 13, 19
What are the prime factors of 19490?
2, 5, 1949
What are the prime factors of 79046?
2, 11, 3593
What are the prime factors of 30279?
3, 10093
List the prime factors of 17561.
17, 1033
List the prime factors of 85517.
85517
List the prime factors of 58.
2, 29
List the prime factors of 45620.
2, 5, 2281
List the prime factors of 48088.
2, 6011
List the prime factors of 347.
347
List the prime factors of 959.
7, 137
What are the prime factors of 212?
2, 53
What are the prime factors of 12521?
19, 659
List the prime factors of 32733.
3, 3637
List the prime factors of 363.
3, 11
List the prime factors of 305.
5, 61
List the prime factors of 3262.
2, 7, 233
What are the prime factors of 2619?
3, 97
What are the prime factors of 5518?
2, 31, 89
What are the prime factors of 272?
2, 17
What are the prime factors of 8905?
5, 13, 137
What are the prime factors of 22452?
2, 3, 1871
List the prime factors of 53707.
43, 1249
What are the prime factors of 22207?
53, 419
What are the prime factors of 141798?
2, 3, 23633
What are the prime factors of 8696?
2, 1087
List the prime factors of 67326.
2, 3, 7, 229
What are the prime factors of 43348?
2, 10837
List the prime factors of 10504.
2, 13, 101
What are the prime factors of 9722?
2, 4861
What are the prime factors of 2508?
2, 3, 11, 19
What are the prime factors of 37639?
7, 19, 283
What are the prime factors of 12402?
2, 3, 13, 53
What are the prime factors of 3236?
2, 809
List the prime factors of 14371.
7, 2053
What are the prime factors of 745?
5, 149
What are the prime factors of 1308?
2, 3, 109
What are the prime factors of 5269?
11, 479
What are the prime factors of 11963?
7, 1709
List the prime factors of 7657.
13, 19, 31
What are the prime factors of 732?
2, 3, 61
List the prime factors of 17947.
131, 137
List the prime factors of 4949.
7, 101
What are the prime factors of 13347?
3, 1483
List the prime factors of 81618.
2, 3, 61, 223
List the prime factors of 18650.
2, 5, 373
What are the prime factors of 1429?
1429
List the prime factors of 4321.
29, 149
What are the prime